{"id":1867,"date":"2012-10-02T11:10:30","date_gmt":"2012-10-02T11:10:30","guid":{"rendered":"https:\/\/fotosdeelectricidad.es\/?page_id=1867"},"modified":"2019-05-20T15:40:39","modified_gmt":"2019-05-20T15:40:39","slug":"videos","status":"publish","type":"page","link":"https:\/\/fotosdeelectricidad.es\/?page_id=1867","title":{"rendered":"Videos"},"content":{"rendered":"<div id=\"wrapinst\">\n<div id=\"contenidodosiz\">\n<div id=\"menudos\">\n<ul class=\"menuinstalaciones\">\n<li><a href=\"https:\/\/fotosdeelectricidad.es\/?page_id=1874\">Energias Renovables<\/a><\/li>\n<li><a href=\"https:\/\/fotosdeelectricidad.es\/?page_id=1878\">Instalaciones El\u00e9ctricas<\/a><\/li>\n<li><a href=\"https:\/\/fotosdeelectricidad.es\/?page_id=1881\">Centrales El\u00e9ctricas<\/a><\/li>\n<li><a href=\"https:\/\/fotosdeelectricidad.es\/?page_id=1884\">Transformaci\u00f3n Electrica<\/a><\/li>\n<\/ul><\/div>\n<\/p><\/div>\n<div id=\"contenidodosderecha\"><img decoding=\"async\" src=\"https:\/\/fotosdeelectricidad.es\/wp-content\/uploads\/2012\/10\/videos.jpg\" alt=\"\"><\/div>\n<\/div>\n","protected":false},"excerpt":{"rendered":"<p>Energias Renovables Instalaciones El\u00e9ctricas Centrales El\u00e9ctricas Transformaci\u00f3n Electrica<\/p>\n","protected":false},"author":1,"featured_media":0,"parent":0,"menu_order":0,"comment_status":"closed","ping_status":"open","template":"","meta":{"footnotes":""},"class_list":["post-1867","page","type-page","status-publish","hentry"],"_links":{"self":[{"href":"https:\/\/fotosdeelectricidad.es\/index.php?rest_route=\/wp\/v2\/pages\/1867","targetHints":{"allow":["GET"]}}],"collection":[{"href":"https:\/\/fotosdeelectricidad.es\/index.php?rest_route=\/wp\/v2\/pages"}],"about":[{"href":"https:\/\/fotosdeelectricidad.es\/index.php?rest_route=\/wp\/v2\/types\/page"}],"author":[{"embeddable":true,"href":"https:\/\/fotosdeelectricidad.es\/index.php?rest_route=\/wp\/v2\/users\/1"}],"replies":[{"embeddable":true,"href":"https:\/\/fotosdeelectricidad.es\/index.php?rest_route=%2Fwp%2Fv2%2Fcomments&post=1867"}],"version-history":[{"count":10,"href":"https:\/\/fotosdeelectricidad.es\/index.php?rest_route=\/wp\/v2\/pages\/1867\/revisions"}],"predecessor-version":[{"id":3799,"href":"https:\/\/fotosdeelectricidad.es\/index.php?rest_route=\/wp\/v2\/pages\/1867\/revisions\/3799"}],"wp:attachment":[{"href":"https:\/\/fotosdeelectricidad.es\/index.php?rest_route=%2Fwp%2Fv2%2Fmedia&parent=1867"}],"curies":[{"name":"wp","href":"https:\/\/api.w.org\/{rel}","templated":true}]}}