{"id":1884,"date":"2012-10-09T08:23:22","date_gmt":"2012-10-09T08:23:22","guid":{"rendered":"https:\/\/fotosdeelectricidad.es\/?page_id=1884"},"modified":"2025-03-27T11:04:38","modified_gmt":"2025-03-27T11:04:38","slug":"videos-de-transformacion-electrica","status":"publish","type":"page","link":"https:\/\/fotosdeelectricidad.es\/?page_id=1884","title":{"rendered":"V\u00eddeos de Transformaci\u00f3n El\u00e9ctrica"},"content":{"rendered":"<p><strong>V\u00eddeo 1 &#8211; CT subterr\u00e1neo<br \/>\n<iframe loading=\"lazy\" title=\"ANIMACION CENTRO TRANSFORMACION\" width=\"470\" height=\"353\" src=\"https:\/\/www.youtube.com\/embed\/f9GFuUoJ8D8?feature=oembed\" frameborder=\"0\" allow=\"accelerometer; autoplay; clipboard-write; encrypted-media; gyroscope; picture-in-picture; web-share\" referrerpolicy=\"strict-origin-when-cross-origin\" allowfullscreen><\/iframe><\/p>\n<p>V\u00eddeo 2 &#8211; Fabricaci\u00f3n de transformadores<br \/>\n<iframe loading=\"lazy\" title=\"Voltran Transformadores M\u00e9xico\" width=\"470\" height=\"264\" src=\"https:\/\/www.youtube.com\/embed\/7KEZvlzIuc4?feature=oembed\" frameborder=\"0\" allow=\"accelerometer; autoplay; clipboard-write; encrypted-media; gyroscope; picture-in-picture; web-share\" referrerpolicy=\"strict-origin-when-cross-origin\" allowfullscreen><\/iframe><\/p>\n<p>V\u00eddeo 3 &#8211; Montaje y puesta en servicio de un centro de transformaci\u00f3n. AS El\u00e9ctricas<br \/>\n<iframe loading=\"lazy\" title=\"Gu\u00eda de montaje y  puesta en servicio de centros de transformaci\u00f3n.\" width=\"470\" height=\"264\" src=\"https:\/\/www.youtube.com\/embed\/mwbPB2COUJI?feature=oembed\" frameborder=\"0\" allow=\"accelerometer; autoplay; clipboard-write; encrypted-media; gyroscope; picture-in-picture; web-share\" referrerpolicy=\"strict-origin-when-cross-origin\" allowfullscreen><\/iframe><\/p>\n<p>V\u00eddeo 4 &#8211; Pruebas de un transformador de potencia. Omicron<br \/>\n<iframe loading=\"lazy\" title=\"Pruebas de transformadores de potencia\" width=\"470\" height=\"264\" src=\"https:\/\/www.youtube.com\/embed\/ZsTK4JPdLrs?feature=oembed\" frameborder=\"0\" allow=\"accelerometer; autoplay; clipboard-write; encrypted-media; gyroscope; picture-in-picture; web-share\" referrerpolicy=\"strict-origin-when-cross-origin\" allowfullscreen><\/iframe><\/p>\n<p>V\u00eddeo 5 &#8211; Laboratorio de ensayo para transformadores de medida hasta 1200 kV. Arteche<br \/>\n<iframe loading=\"lazy\" title=\"Laboratorio Ultra-Alta Tensi\u00f3n ARTECHE\" width=\"470\" height=\"264\" src=\"https:\/\/www.youtube.com\/embed\/e2xXLZkIg8M?feature=oembed\" frameborder=\"0\" allow=\"accelerometer; autoplay; clipboard-write; encrypted-media; gyroscope; picture-in-picture; web-share\" referrerpolicy=\"strict-origin-when-cross-origin\" allowfullscreen><\/iframe><\/p>\n<p>V\u00eddeo 6- Medici\u00f3n de la capacitancia y del factor de disipaci\u00f3n de un transformador. Omicron<br \/>\n<iframe loading=\"lazy\" title=\"Medici\u00f3n de la capacitancia y factor de potencia o factor de disipaci\u00f3n\" width=\"470\" height=\"264\" src=\"https:\/\/www.youtube.com\/embed\/9zY3MHwYKbE?feature=oembed\" frameborder=\"0\" allow=\"accelerometer; autoplay; clipboard-write; encrypted-media; gyroscope; picture-in-picture; web-share\" referrerpolicy=\"strict-origin-when-cross-origin\" allowfullscreen><\/iframe><\/p>\n<p>V\u00eddeo 7- Medici\u00f3n de la relaci\u00f3n y de la corriente de magnetizaci\u00f3n de un transformador. Omicron<br \/>\n<iframe loading=\"lazy\" title=\"Medici\u00f3n de la relaci\u00f3n y de la corriente de magnetizaci\u00f3n\" width=\"470\" height=\"264\" src=\"https:\/\/www.youtube.com\/embed\/8EZ5lX6VLbo?feature=oembed\" frameborder=\"0\" allow=\"accelerometer; autoplay; clipboard-write; encrypted-media; gyroscope; picture-in-picture; web-share\" referrerpolicy=\"strict-origin-when-cross-origin\" allowfullscreen><\/iframe><\/p>\n<p>V\u00eddeo 8- Medici\u00f3n de la resistencia del devanado y comprobaci\u00f3n del cambiador de tomas de un transformador. Omicron<br \/>\n<iframe loading=\"lazy\" title=\"Medici\u00f3n de la resistencia del devanado y comprobaci\u00f3n del cambiador de tomas\" width=\"470\" height=\"264\" src=\"https:\/\/www.youtube.com\/embed\/QMFV1pv-4fs?feature=oembed\" frameborder=\"0\" allow=\"accelerometer; autoplay; clipboard-write; encrypted-media; gyroscope; picture-in-picture; web-share\" referrerpolicy=\"strict-origin-when-cross-origin\" allowfullscreen><\/iframe><\/p>\n<p>V\u00eddeo 9- Medici\u00f3n autom\u00e1tica de relaci\u00f3n y resistencia del devanado de tomas y todas las fases. Omicron.<br \/>\n<iframe loading=\"lazy\" title=\"Medici\u00f3n autom\u00e1tica de relaci\u00f3n y resistencia del devanado de todas las tomas y todas las fases\" width=\"470\" height=\"264\" src=\"https:\/\/www.youtube.com\/embed\/Mu2qaWZH4-A?feature=oembed\" frameborder=\"0\" allow=\"accelerometer; autoplay; clipboard-write; encrypted-media; gyroscope; picture-in-picture; web-share\" referrerpolicy=\"strict-origin-when-cross-origin\" allowfullscreen><\/iframe><\/p>\n<p>V\u00eddeo 10- Pruebas del factor de potencia de aislamiento. Omicron<br \/>\n<iframe loading=\"lazy\" title=\"Pruebas de Factor de Potencia - Antecedentes\" width=\"470\" height=\"264\" src=\"https:\/\/www.youtube.com\/embed\/1rgEHaai0yA?feature=oembed\" frameborder=\"0\" allow=\"accelerometer; autoplay; clipboard-write; encrypted-media; gyroscope; picture-in-picture; web-share\" referrerpolicy=\"strict-origin-when-cross-origin\" allowfullscreen><\/iframe><\/p>\n<p>V\u00eddeo 11- Diagn\u00f3stico del aislamiento del devanado de un transformador. Omicron<br \/>\n<iframe loading=\"lazy\" title=\"Diagnosticando el aislamiento en devanados de transformadores\" width=\"470\" height=\"264\" src=\"https:\/\/www.youtube.com\/embed\/dQj59dmLkyw?feature=oembed\" frameborder=\"0\" allow=\"accelerometer; autoplay; clipboard-write; encrypted-media; gyroscope; picture-in-picture; web-share\" referrerpolicy=\"strict-origin-when-cross-origin\" allowfullscreen><\/iframe><\/p>\n<p>V\u00eddeo 12- Conversi\u00f3n de un transformador de llenado integral en uno con dep\u00f3sito de expansi\u00f3n. Gedelsa<br \/>\n<iframe loading=\"lazy\" title=\"GED_DEP\u00d3SITO\" width=\"470\" height=\"353\" src=\"https:\/\/www.youtube.com\/embed\/w3uu4n208Lw?feature=oembed\" frameborder=\"0\" allow=\"accelerometer; autoplay; clipboard-write; encrypted-media; gyroscope; picture-in-picture; web-share\" referrerpolicy=\"strict-origin-when-cross-origin\" allowfullscreen><\/iframe><\/p>\n<p>V\u00eddeo 13- Montaje de un banco de transformadores en subestaci\u00f3n. ANDE<br \/>\n<iframe loading=\"lazy\" title=\"Banco de Transformadores en la Estaci\u00f3n Presidente Franco\" width=\"470\" height=\"264\" src=\"https:\/\/www.youtube.com\/embed\/0dO-FPlne_w?feature=oembed\" frameborder=\"0\" allow=\"accelerometer; autoplay; clipboard-write; encrypted-media; gyroscope; picture-in-picture; web-share\" referrerpolicy=\"strict-origin-when-cross-origin\" allowfullscreen><\/iframe><\/p>\n<p>V\u00eddeo 14- Transformador trif\u00e1sico de potencia. Blutrafos<br \/>\n<iframe loading=\"lazy\" title=\"Blutrafos - Transformador Trif\u00e1sico For\u00e7a - COM CDC.wmv\" width=\"470\" height=\"353\" src=\"https:\/\/www.youtube.com\/embed\/XoJTyyGFVTs?feature=oembed\" frameborder=\"0\" allow=\"accelerometer; autoplay; clipboard-write; encrypted-media; gyroscope; picture-in-picture; web-share\" referrerpolicy=\"strict-origin-when-cross-origin\" allowfullscreen><\/iframe><\/p>\n<p>V\u00eddeo 15- Construcci\u00f3n de un transformador de baja tensi\u00f3n.<br \/>\n<iframe loading=\"lazy\" title=\"ARMADO DE TRANSFORMADORES\" width=\"470\" height=\"264\" src=\"https:\/\/www.youtube.com\/embed\/afXKsCzZLwI?feature=oembed\" frameborder=\"0\" allow=\"accelerometer; autoplay; clipboard-write; encrypted-media; gyroscope; picture-in-picture; web-share\" referrerpolicy=\"strict-origin-when-cross-origin\" allowfullscreen><\/iframe><\/p>\n","protected":false},"excerpt":{"rendered":"<p>V\u00eddeo 1 &#8211; CT subterr\u00e1neo V\u00eddeo 2 &#8211; Fabricaci\u00f3n de transformadores V\u00eddeo 3 &#8211; Montaje y puesta en servicio de un centro de transformaci\u00f3n. AS El\u00e9ctricas V\u00eddeo 4 &#8211; Pruebas de un transformador de potencia. Omicron V\u00eddeo 5 &#8211; Laboratorio de ensayo para transformadores de medida hasta 1200 kV. Arteche V\u00eddeo 6- Medici\u00f3n de la [&hellip;]<\/p>\n","protected":false},"author":1,"featured_media":0,"parent":0,"menu_order":0,"comment_status":"closed","ping_status":"open","template":"","meta":{"footnotes":""},"class_list":["post-1884","page","type-page","status-publish","hentry"],"_links":{"self":[{"href":"https:\/\/fotosdeelectricidad.es\/index.php?rest_route=\/wp\/v2\/pages\/1884","targetHints":{"allow":["GET"]}}],"collection":[{"href":"https:\/\/fotosdeelectricidad.es\/index.php?rest_route=\/wp\/v2\/pages"}],"about":[{"href":"https:\/\/fotosdeelectricidad.es\/index.php?rest_route=\/wp\/v2\/types\/page"}],"author":[{"embeddable":true,"href":"https:\/\/fotosdeelectricidad.es\/index.php?rest_route=\/wp\/v2\/users\/1"}],"replies":[{"embeddable":true,"href":"https:\/\/fotosdeelectricidad.es\/index.php?rest_route=%2Fwp%2Fv2%2Fcomments&post=1884"}],"version-history":[{"count":128,"href":"https:\/\/fotosdeelectricidad.es\/index.php?rest_route=\/wp\/v2\/pages\/1884\/revisions"}],"predecessor-version":[{"id":4963,"href":"https:\/\/fotosdeelectricidad.es\/index.php?rest_route=\/wp\/v2\/pages\/1884\/revisions\/4963"}],"wp:attachment":[{"href":"https:\/\/fotosdeelectricidad.es\/index.php?rest_route=%2Fwp%2Fv2%2Fmedia&parent=1884"}],"curies":[{"name":"wp","href":"https:\/\/api.w.org\/{rel}","templated":true}]}}